 3. Let h = 8 + -11. Let q be i(h). What is the highest common factor of q and 60?
12
Let l = 2 - -2. Suppose 2*q - 7 - 3 = 0. Suppose q*t = -0*s + 2*s - 2, l*t + 3 = 3*s. Calculate the highest common factor of s and 8.
1
Let a be (-171)/(-2) - (-60)/40. Calculate the greatest common divisor of 29 and a.
29
Let h = 14 + 3. What is the greatest common factor of h and 119?
17
Suppose 35 - 62 = -9*z. Suppose 105 = 8*u - 3*u. Calculate the highest common factor of z and u.
3
Suppose 0 = -0*l + 2*l - 6. Calculate the greatest common divisor of 12 and l.
3
Let c(a) = -a**2 + 23*a - 18. Let m be c(15). Let w = -9 + 26. What is the highest common divisor of w and m?
17
Suppose 0 = -z - 23 + 127. Let j = -72 + z. Let q = j - 2. What is the highest common factor of 5 and q?
5
Suppose 3*r - 6*r = -18. Let x = 26 - -15. Suppose -b - 11 + x = 0. Calculate the highest common factor of b and r.
6
Suppose -5*p + 10 = 0, -4*j - 2*p - 654 = -p. Let y = j + 398. Suppose -104 = -3*l - l. Calculate the greatest common factor of l and y.
26
Suppose -4*y + 4*u = u - 12, -5*u = -5*y + 10. What is the highest common factor of 48 and y?
6
Let i = 26 - -3. Suppose 0 = d - 3, -i = -j - 4*d - 13. Let a = -110 - -154. Calculate the highest common factor of a and j.
4
Let x(w) be the third derivative of 5*w**4/24 - w**3/3 - w**2. Let m be (-8 + 0)*5/(-10). Let s be x(m). What is the highest common factor of 2 and s?
2
Suppose -5 + 93 = o. Calculate the greatest common divisor of o and 22.
22
Let p(n) = -4*n + 16. Let c be p(-5). Calculate the greatest common factor of 54 and c.
18
Suppose -4*a = -8, 2*a - 5*a = 5*v - 206. Let k = -59 + 159. Calculate the highest common factor of k and v.
20
Let p(f) = -f**3 + 2*f**2 + 4*f. Let o be p(3). Suppose -3*r + l - 58 = 0, -l - 4*l = o*r + 34. Let b = -11 - r. What is the highest common factor of 1 and b?
1
Let r(c) = 8*c**2 + 8. Let x be r(3). Calculate the greatest common factor of 20 and x.
20
Let i = 86 - 82. What is the greatest common factor of i and 20?
4
Let n be (-15)/2*(-6 + (-24)/18). Calculate the greatest common factor of 275 and n.
55
Let n be 8/4 - 28/(-2). Calculate the highest common divisor of 176 and n.
16
Let h = -88 + 183. Let i = h - 33. Suppose 5*o - 88 = i. What is the greatest common factor of o and 10?
10
Suppose -160 = -3*a - 2*a. Suppose 4*x - 446 = -126. Calculate the greatest common divisor of a and x.
16
Let f(d) = -d**2 + 2*d + 288. Let k be f(0). What is the greatest common divisor of k and 32?
32
Suppose r = -5 + 19. What is the highest common divisor of r and 35?
7
Let g be -2 + 8 - (0 + 3). Suppose -3*j = 5*v - v - 55, -g*j - v + 52 = 0. What is the highest common divisor of j and 85?
17
Let t = 10 + -7. Suppose 2*n = t - 9. Let b be (2/2)/(n/(-15)). Calculate the greatest common factor of b and 20.
5
Suppose 369 = 16*x - 159. What is the highest common divisor of 99 and x?
33
Let a(n) = 1 + 3*n**2 + 7*n - n**3 + 0*n**3 - 6. Let c be a(4). What is the highest common divisor of 35 and c?
7
Suppose -2*m + 18 + 4 = 0. Suppose -2*s - 6 = j - 22, -j + s + 10 = 0. Let c be (j/10)/(6/220). What is the highest common divisor of c and m?
11
Let m be 24/20*5*1. Let r be 12/8*(m + 2). Calculate the greatest common divisor of 36 and r.
12
Suppose -4*l = -6*l + 12. Calculate the greatest common factor of 30 and l.
6
Let h = 5 + -3. Suppose h*w + 8 - 28 = 0. Let x(m) = -m**3 + m + 90. Let t be x(0). Calculate the greatest common factor of t and w.
10
Suppose -2*d + 4 = -12. Let y(x) be the third derivative of x**4/8 - 11*x**3/6 - 2*x**2 - 10. Let h be y(d). Calculate the highest common divisor of 13 and h.
13
Let m be 114/22 - (-12)/(-66). Calculate the highest common divisor of m and 75.
5
Suppose p = -4*i - p + 158, -4*p + 196 = 5*i. What is the greatest common factor of 8 and i?
8
Suppose -46*i + 50*i = 28. What is the greatest common factor of i and 7?
7
Let b be (7 + 0)/(11/44). What is the highest common factor of 56 and b?
28
Suppose 5*c - 26 = 2*h + 2, 32 = 4*c - 4*h. Suppose -4*w - c*l = -23 - 49, 3*l - 38 = -2*w. What is the highest common factor of 8 and w?
8
Let a = -95 - -270. Calculate the highest common factor of a and 35.
35
Suppose 16*c = 15*c - 305. Let j = -172 - c. What is the highest common divisor of j and 19?
19
Let z(v) = -v**2 - v - 2. Suppose 2*h + 0*h = 2*o + 4, 3*h + 2 = -o. Let t be z(h). Let s be (-1)/(t - -1)*5. Calculate the greatest common factor of s and 2.
1
Let u(j) = 15*j + 1. Suppose -3*s + 2*s + 1 = 0. Let i be u(s). Suppose 0*q - q + 40 = 0. What is the greatest common divisor of i and q?
8
Suppose 0 = -3*p - 36 + 114. Suppose -3*f = -p - 19. Calculate the highest common factor of 60 and f.
15
Let h be -2*((-20)/8)/1. Suppose 3 = -h*f + 18. Suppose -2 = -g + 4. What is the highest common divisor of f and g?
3
Let h(b) = -2*b**2 + b - 1. Let p be h(2). Let r = 8 + p. What is the highest common divisor of 7 and r?
1
Suppose h = j - 0*j + 8, 3*h = j + 16. Calculate the greatest common factor of 36 and h.
4
Let h be 1 + 2 + 29 + 1. Calculate the highest common divisor of 3 and h.
3
Let l = -1 - -4. Suppose 2*o - 1 = -l*f + 8, -3 = -3*f. Suppose 0*p + 6 = 2*p. What is the highest common factor of p and o?
3
Let c = 12 + -2. Suppose -28 = -3*i - i - 5*g, 5*i = 3*g - 2. Calculate the greatest common divisor of c and i.
2
Let m = 11 - 5. Let b = 6 - 7. Let v be (-27 - 6/(-2))/b. Calculate the greatest common factor of m and v.
6
Let d be (-2)/5 + 44/10. Let u(y) = 2*y**2 + y - 2. Let z be u(1). What is the greatest common divisor of z and d?
1
Let v = -51 + 71. Calculate the greatest common factor of 10 and v.
10
Let n(w) = 9 - 4*w - 6 + 2*w - 2*w. Let y be n(-4). What is the highest common factor of y and 76?
19
Let b(c) = c**2 - 4*c - 3. Suppose 5*k - 51 = -16. Let r be b(k). What is the greatest common divisor of 126 and r?
18
Let d(j) = 3*j**2 - 27*j - 25. Let g(c) = 2*c**2 - 14*c - 13. Let a(t) = 3*d(t) - 5*g(t). Let k be a(-7). Calculate the highest common factor of 9 and k.
9
Let u be (-1)/2*1*0. Suppose -3*g = 3*l - 150, -2*g + 4*l - 8*l + 104 = u. Calculate the highest common divisor of 12 and g.
12
Suppose -354 - 434 = -r. Let a be r/6 - (-2)/3. Let o be (-16)/72 + 110/9. What is the greatest common factor of a and o?
12
Let c(f) = -19*f + 1. Let r = -6 + 5. Let b be c(r). What is the highest common factor of 180 and b?
20
Let l(v) = v**2 - v + 3. Let p be l(4). Let q be (14/(-3))/((-2)/p). Let n = q + -20. What is the greatest common divisor of n and 10?
5
Suppose -4*t = 2*t - 756. What is the highest common factor of 18 and t?
18
Suppose m = -d + 23, -2*m = -7*m. What is the highest common factor of d and 161?
23
Suppose 46 = 3*l - 20. Calculate the highest common divisor of l and 55.
11
Let a(f) = f**2 - 11*f + 27. Let d be a(2). What is the greatest common factor of 1 and d?
1
Let r(w) = -w. Let a = -3 + -1. Let g be r(a). Let c = g - 2. What is the greatest common factor of c and 16?
2
Let f(a) = -a**3 - 9*a**2 - 10*a. Let x be f(-9). Let j = -48 + x. What is the greatest common factor of j and 21?
21
Suppose 5*n - 52 = 3*n. Suppose -11*p + 620 = 48. What is the greatest common factor of n and p?
26
Suppose 0 = 5*t - 6*t - 40. Suppose 2*m - 170 = 3*l + 20, -40 = l + 4*m. Let q = t - l. What is the greatest common factor of q and 120?
20
Suppose 0 = -5*h + 2*h + 15. Suppose 2*i = -h*p + 11, 0 = 2*i - 2*p + 33 - 9. Let s be 2/((2/i)/(-1)). What is the greatest common factor of 49 and s?
7
Suppose -3*g - 88 = -7*g. Suppose 0 = -0*b - 5*b + 165. What is the greatest common factor of g and b?
11
Let k be (-9)/2*(0 - 2). Let n = 13 + -12. Let x be 27 - (n - 1)*-1. Calculate the greatest common divisor of k and x.
9
Let f be 0 - 1 - (-4 - -2). Let t be (3 - 0)/(f/9). What is the greatest common divisor of 9 and t?
9
Let j be -8 + 21 - 3/1. Let u = 4 - 2. Calculate the highest common divisor of j and u.
2
Let a = -26 - -47. Calculate the highest common divisor of 147 and a.
21
Let b = 1 + 14. Calculate the highest common factor of b and 6.
3
Suppose 30 = 7*r - 4*r. Let g be (16/6)/(r/15). What is the highest common divisor of g and 1?
1
Let r be 111/(-9) + 6/18. Let m be (8/r)/(2/(-81)). What is the greatest common divisor of m and 9?
9
Let l(u) = u**2 + 2*u - 3. Let 